= -2*a + 5*j + 64. Calculate the greatest common divisor of a and 54.
27
Suppose 3*j = -2*j + 220. Suppose 2*w - j = -10. Calculate the greatest common divisor of w and 187.
17
Let d be (-2)/7 - (-452)/14. Let j = -5 + 6. Let i be 7/j + (-3 - 0). Calculate the greatest common factor of d and i.
4
Let p = 31 + -24. Let b = 18 - p. What is the highest common factor of b and 121?
11
Let x be (3 - 0) + (-951)/(-3). Suppose x = -0*q + 4*q. What is the greatest common factor of 10 and q?
10
Let z(j) = -j**3 - 7*j**2 - 9*j - 15. Let w be z(-6). Calculate the highest common divisor of w and 9.
3
Suppose -14 = 2*l + 78. Let n = l - -78. Let h = -5 + 9. Calculate the greatest common divisor of n and h.
4
Suppose 0 = -p - p + 86. Suppose -2*o - 5*k + p = 0, -9 = -5*k + 16. Let x be (-6)/9*(-243)/6. What is the greatest common factor of x and o?
9
Let s be (0 + -2)/(-2)*5. Let h = 1 + s. What is the greatest common divisor of 60 and h?
6
Let r(l) be the second derivative of -l**5/20 + 7*l**4/12 + l**3 + 3*l**2/2 - l. Let h be r(6). Let y = 29 + -14. What is the greatest common factor of h and y?
15
Let t = 38 + 2. Calculate the greatest common factor of t and 16.
8
Let f = 16 + -4. What is the highest common factor of f and 6?
6
Let t(w) = 0 - 61*w + 2 - 3. Let g be t(-2). Calculate the greatest common factor of 11 and g.
11
Suppose x - 4*t = -0*x - 26, -4*x + t - 74 = 0. Let r be (33/(-2))/(9/x). Calculate the highest common divisor of r and 3.
3
Let j be 50/(-3)*(0 - 6). Calculate the highest common factor of j and 20.
20
Let j be (0 + -1)*-4 - 1. Let n = j - 3. Suppose r - 15 - 23 = n. Calculate the highest common factor of 19 and r.
19
Let i(b) = -2*b + 11. Let j be i(8). Let l be (-2 - (2 + j))*-16. Let x be (l + 1)/((-3)/2). Calculate the highest common factor of x and 80.
10
Let o(v) = 41*v**2 - 2*v - 3. Let d be o(-2). Let k = d + -105. Suppose 3*b + 57 = 3*i, -5*i - b + 83 = -3*b. Calculate the greatest common factor of k and i.
15
Let w(f) = -f**3 + 8*f**2 + 8*f - 1. Let h be w(8). Let z be (10/(-3))/((-6)/h). Calculate the highest common divisor of z and 5.
5
Let z(p) = 2*p**2 - p + 8. Let i be z(7). Let q = 1 - -10. Calculate the highest common factor of i and q.
11
Suppose 2*i - 13 = 23. Suppose -a + 3*l = -18, -a - l = -3*l - 21. Calculate the greatest common divisor of i and a.
9
Let d = 7 - 2. Let n(c) = c**3 - c**2 - 7*c + 8. Let b be n(6). Let f = -91 + b. What is the greatest common factor of f and d?
5
Suppose 0 = 2*x + 6 - 22. Let u be 154/x - (-6)/8. Suppose 0 = -o + 3*o - u. What is the greatest common factor of 4 and o?
2
Suppose -30 = 2*m - 4*l, 2*m + l - 2*l = -18. Let o = 5 - -5. Let q be (-1542)/m + o/(-35). What is the greatest common factor of q and 22?
22
Let a = 73 - 8. Calculate the highest common divisor of 5 and a.
5
Suppose -5*m + 29 = 4*v, v + 4*m + 67 = 6*v. Suppose 2*u - 154 = -5*f, -5*u + 4*f + 495 = 110. What is the highest common divisor of u and v?
11
Suppose 0*f + 4*f - 260 = -4*t, -170 = -3*t + 2*f. What is the greatest common divisor of t and 12?
12
Suppose -2*z + 7*z - 15 = -3*k, -2*k - 3 = -z. Suppose -t + 63 = -k*t. What is the highest common factor of 9 and t?
9
Let h be (8/10)/(4/(-10)). Let m be (-6)/5 + (-2)/(-10). Let w be -8*(h - m) - -3. Calculate the greatest common factor of w and 11.
11
Let b = -6 - -11. Suppose 0 = b*c + 84 + 6. Let j be 710/6 + (-12)/c. Calculate the highest common divisor of 17 and j.
17
Suppose 1 = 5*r - 7*p + 3*p, -r + p + 1 = 0. Let f = r + 16. What is the greatest common factor of 117 and f?
13
Let q be (-8)/(-20) + (-112)/(-20). Calculate the highest common factor of q and 4.
2
Let a = 33 - 15. What is the highest common factor of 18 and a?
18
Let f be (-180)/(-14)*(3 - (-16)/4). What is the greatest common factor of f and 36?
18
Let f(o) = -o**3 + o**2 + o + 13. Suppose -3*p - g = -12, 0 = p - 5*g + 12. Suppose p*z = -0*z. Let s be f(z). Calculate the highest common divisor of 91 and s.
13
Let d(m) = -m**3 + 6*m**2 - m + 7. Let p be d(6). Let j be 3/(-6)*p*-8. Suppose -2*z + j*z = 54. What is the highest common divisor of z and 297?
27
Let r be (30/9 - 3)*12. Suppose r*f = f + 168. Calculate the highest common factor of 84 and f.
28
Suppose 204 = -4*y - 2*w, 4*y - w = 2*w - 184. Let v = -25 - y. What is the greatest common divisor of 8 and v?
8
Let w be 36/4 - -2 - -5. What is the greatest common divisor of 4 and w?
4
Let q(v) = v**2 + 2*v + 1. Let t be q(3). Suppose -b - t = -3*b. Let i be 7/1 + (-5)/(-5). What is the greatest common factor of i and b?
8
Let o = 55 + -52. Calculate the highest common divisor of 6 and o.
3
Let w = -2 + 0. Let r = 3 - w. Suppose 10 = q + 5*o, -50 = -r*q + o - 3*o. Calculate the greatest common factor of 10 and q.
10
Suppose -2*d = -2*h - 5*d - 27, 0 = -4*h + 5*d - 109. Let n be (-13)/(-1) - h/(-7). Let g = 203 - 113. What is the greatest common factor of n and g?
10
Suppose -r = r - 10. Suppose -l = -4*j - 2*l + 79, 4*l = -r*j + 107. Let h(u) = 6*u + 26. Let n be h(2). Calculate the highest common factor of j and n.
19
Suppose n - 4*w + 2 = -0, 0 = 2*n - 4*w. What is the highest common divisor of n and 4?
2
Let u = -43 - -50. Calculate the greatest common factor of u and 56.
7
Let l be -5*(144/(-20) + 4). Calculate the greatest common factor of 4 and l.
4
Let y be (-9)/(-9)*(1 - -6). What is the highest common factor of y and 21?
7
Suppose 3*m - 2*m - 6 = 0. Let v = 758 - 489. Suppose 4*z - v = -h, 2*z + 2*h - 6*h = 112. What is the greatest common divisor of z and m?
6
Let y be (-3 + 1)/2 - 1*-61. What is the greatest common factor of y and 150?
30
Suppose -4*z = -3*x - 611, 0 = 4*z + 3*x - 4*x - 617. Calculate the greatest common divisor of 62 and z.
31
Suppose -3*z = -w + 43, -4*w = 3*z - 0*z - 217. Calculate the highest common divisor of w and 13.
13
Let q(w) be the first derivative of 98*w + 1/4*w**4 - 1/2*w**2 + 1 + 0*w**3. Let y be q(0). What is the highest common factor of y and 14?
14
Let c be (-5)/20 + (-33)/12. Let r be c/9 - 19/(-3). What is the highest common factor of r and 18?
6
Suppose -12*i + 3*i = -144. What is the highest common divisor of 80 and i?
16
Suppose -3*m = 21 - 0. Let t(r) = -r. Let v(z) = -10*z - 4. Let d(w) = 6*t(w) + v(w). Let a be d(m). Calculate the highest common divisor of 12 and a.
12
Suppose 3*b + 4*r - 19 = 4, 4*b + 4*r = 28. Suppose -a + 9 = -4*m, -2*a + 5*a - 3*m = 0. Let g be (1/a)/((-1)/6). What is the highest common divisor of b and g?
1
Let i(v) = 22*v + 6. Let o(n) = -11*n - 3. Let g(k) = -3*i(k) - 5*o(k). Let f be g(-2). Calculate the greatest common factor of f and 95.
19
Let k(n) = -8*n - 3. Let t be k(-2). Suppose 0 = 5*m, -3*b + 17 = 2*m - 22. What is the greatest common divisor of b and t?
13
Let j be ((-156)/(-8))/((-6)/(-8)). Calculate the highest common divisor of 13 and j.
13
Suppose 3*n - 42 = -6. What is the highest common factor of n and 30?
6
Let i = -232 + 392. Calculate the highest common divisor of i and 16.
16
Suppose -4*z - 19 = -m - 58, -2*m - 1 = -z. Let c = z + 7. What is the greatest common divisor of c and 27?
9
Let r be (-27)/(-6) - (-3)/6. Suppose 7*d = r*d + 50. Calculate the greatest common divisor of d and 5.
5
Let i(d) = d**3 + 8*d**2 - 14*d - 10. Suppose h - 5*h - 36 = 0. Let k be i(h). What is the greatest common factor of k and 5?
5
Suppose -7*m = -4*m - 9. Suppose 9 = 3*g + m. Suppose -g*p + 83 = d, 2*d - 5 = -p + 149. Calculate the greatest common divisor of 15 and d.
15
Let p(x) = -92*x - 2. Let f = -10 + 15. Let q be (-4)/5*f/2. Let n be p(q). Calculate the highest common factor of n and 26.
26
Let t = 36 - 27. What is the greatest common factor of 81 and t?
9
Let g be 6/(-9)*(-18)/1. Let i be 8*(108/8)/1. What is the greatest common divisor of g and i?
12
Let d be (-6)/(0 - -1) - -1. Let l(p) = -p**3 - 4*p**2 + 5*p + 2. Let j be l(d). Let x be 5*(1/(-1) - -3). What is the highest common factor of j and x?
2
Let r be 1 + (3 + -2)*15. Let z = 21 - 13. Calculate the highest common divisor of r and z.
8
Suppose -f - 3*y + 25 + 17 = 0, 2*f - 90 = -3*y. What is the greatest common divisor of f and 6?
6
Let d = 67 + -22. What is the highest common divisor of 36 and d?
9
Suppose 4*s + 2*q = 30, 3*q - q - 15 = -s. Suppose 0*v + v - 9 = -s*l, -2*l = 3*v - 14. L